{"id":44,"date":"2026-02-06T18:07:35","date_gmt":"2026-02-06T18:07:35","guid":{"rendered":"http:\/\/voyagenpoche.com\/index.php\/page-de-contact\/"},"modified":"2026-03-14T14:22:41","modified_gmt":"2026-03-14T14:22:41","slug":"contact","status":"publish","type":"page","link":"https:\/\/voyagenpoche.com\/?page_id=44","title":{"rendered":"Contact"},"content":{"rendered":"\t\t<div data-elementor-type=\"wp-page\" data-elementor-id=\"44\" class=\"elementor elementor-44\">\n\t\t\t\t<div class=\"elementor-element elementor-element-be0ff08 e-con-full e-flex e-con e-parent\" data-id=\"be0ff08\" data-element_type=\"container\" data-e-type=\"container\" data-settings=\"{&quot;background_background&quot;:&quot;classic&quot;}\">\n\t\t\t\t<div class=\"elementor-element elementor-element-8c24101 elementor-widget elementor-widget-heading\" data-id=\"8c24101\" data-element_type=\"widget\" data-e-type=\"widget\" data-widget_type=\"heading.default\">\n\t\t\t\t\t<h3 class=\"elementor-heading-title elementor-size-default\">Une question sur une destination ?\nBesoin d\u2019un conseil pour organiser votre voyage ?\nUne proposition de collaboration ?<\/h3>\t\t\t\t<\/div>\n\t\t\t\t<div class=\"elementor-element elementor-element-7273f3a elementor-widget elementor-widget-spacer\" data-id=\"7273f3a\" data-element_type=\"widget\" data-e-type=\"widget\" data-widget_type=\"spacer.default\">\n\t\t\t\t\t\t\t<div class=\"elementor-spacer\">\n\t\t\t<div class=\"elementor-spacer-inner\"><\/div>\n\t\t<\/div>\n\t\t\t\t\t\t<\/div>\n\t\t\t\t<\/div>\n\t\t<div class=\"elementor-element elementor-element-9fabc18 e-con-full e-flex e-con e-parent\" data-id=\"9fabc18\" data-element_type=\"container\" data-e-type=\"container\">\n\t\t\t\t<div class=\"elementor-element elementor-element-a3b8e6e elementor-widget__width-inherit elementor-widget elementor-widget-image\" data-id=\"a3b8e6e\" data-element_type=\"widget\" data-e-type=\"widget\" data-widget_type=\"image.default\">\n\t\t\t\t\t\t\t\t\t\t\t\t\t\t\t<img fetchpriority=\"high\" decoding=\"async\" width=\"1920\" height=\"760\" src=\"https:\/\/voyagenpoche.com\/wp-content\/uploads\/2026\/02\/page-contact.png\" class=\"attachment-full size-full wp-image-278\" alt=\"\" srcset=\"https:\/\/voyagenpoche.com\/wp-content\/uploads\/2026\/02\/page-contact.png 1920w, https:\/\/voyagenpoche.com\/wp-content\/uploads\/2026\/02\/page-contact-300x119.png 300w, https:\/\/voyagenpoche.com\/wp-content\/uploads\/2026\/02\/page-contact-1024x405.png 1024w, https:\/\/voyagenpoche.com\/wp-content\/uploads\/2026\/02\/page-contact-768x304.png 768w, https:\/\/voyagenpoche.com\/wp-content\/uploads\/2026\/02\/page-contact-1536x608.png 1536w, https:\/\/voyagenpoche.com\/wp-content\/uploads\/2026\/02\/page-contact-152x60.png 152w\" sizes=\"(max-width: 1920px) 100vw, 1920px\" \/>\t\t\t\t\t\t\t\t\t\t\t\t\t\t\t<\/div>\n\t\t\t\t<\/div>\n\t\t<div class=\"elementor-element elementor-element-6122f185 e-flex e-con-boxed e-con e-parent\" data-id=\"6122f185\" data-element_type=\"container\" data-e-type=\"container\">\n\t\t\t\t\t<div class=\"e-con-inner\">\n\t\t\t\t<div class=\"elementor-element elementor-element-9a9ab96 elementor-widget elementor-widget-spacer\" data-id=\"9a9ab96\" data-element_type=\"widget\" data-e-type=\"widget\" data-widget_type=\"spacer.default\">\n\t\t\t\t\t\t\t<div class=\"elementor-spacer\">\n\t\t\t<div class=\"elementor-spacer-inner\"><\/div>\n\t\t<\/div>\n\t\t\t\t\t\t<\/div>\n\t\t\t\t<div class=\"elementor-element elementor-element-a7e7791 elementor-widget elementor-widget-text-editor\" data-id=\"a7e7791\" data-element_type=\"widget\" data-e-type=\"widget\" data-widget_type=\"text-editor.default\">\n\t\t\t\t\t\t\t\t\t\n<p class=\"has-text-align-center\">N\u2019h\u00e9sitez pas \u00e0 me contacter via le formulaire ci-dessous. Je r\u00e9ponds avec plaisir d\u00e8s que possible. Je suis toujours ravie d\u2019\u00e9changer autour du voyage et de partager des conseils.<\/p>\n<div class=\"wp-block-jetpack-contact-form is-style-default is-layout-flex wp-container-jetpack-contact-form-is-layout-2b4208ba wp-block-jetpack-contact-form-is-layout-flex\"><a href=\"https:\/\/voyagenpoche.com\/?p=950\" target=\"_blank\" rel=\"noopener noreferrer\">Soumettre un formulaire.<\/a><\/div>\t\t<\/div>\n\t\t","protected":false},"excerpt":{"rendered":"<p>Une question sur une destination ? Besoin d\u2019un conseil pour organiser votre voyage ? Une proposition de collaboration ? N\u2019h\u00e9sitez pas \u00e0 me contacter via le formulaire ci-dessous. Je r\u00e9ponds avec plaisir d\u00e8s que possible. Je suis toujours ravie d\u2019\u00e9changer autour du voyage et de partager des conseils.<\/p>\n","protected":false},"author":1,"featured_media":0,"parent":0,"menu_order":0,"comment_status":"closed","ping_status":"closed","template":"","meta":{"site-sidebar-layout":"default","site-content-layout":"","ast-site-content-layout":"default","site-content-style":"default","site-sidebar-style":"default","ast-global-header-display":"","ast-banner-title-visibility":"","ast-main-header-display":"","ast-hfb-above-header-display":"","ast-hfb-below-header-display":"","ast-hfb-mobile-header-display":"","site-post-title":"disabled","ast-breadcrumbs-content":"","ast-featured-img":"","footer-sml-layout":"","ast-disable-related-posts":"","theme-transparent-header-meta":"","adv-header-id-meta":"","stick-header-meta":"","header-above-stick-meta":"","header-main-stick-meta":"","header-below-stick-meta":"","astra-migrate-meta-layouts":"default","ast-page-background-enabled":"default","ast-page-background-meta":{"desktop":{"background-color":"var(--ast-global-color-5)","background-image":"","background-repeat":"repeat","background-position":"center center","background-size":"auto","background-attachment":"scroll","background-type":"","background-media":"","overlay-type":"","overlay-color":"","overlay-opacity":"","overlay-gradient":""},"tablet":{"background-color":"","background-image":"","background-repeat":"repeat","background-position":"center center","background-size":"auto","background-attachment":"scroll","background-type":"","background-media":"","overlay-type":"","overlay-color":"","overlay-opacity":"","overlay-gradient":""},"mobile":{"background-color":"","background-image":"","background-repeat":"repeat","background-position":"center center","background-size":"auto","background-attachment":"scroll","background-type":"","background-media":"","overlay-type":"","overlay-color":"","overlay-opacity":"","overlay-gradient":""}},"ast-content-background-meta":{"desktop":{"background-color":"var(--ast-global-color-4)","background-image":"","background-repeat":"repeat","background-position":"center center","background-size":"auto","background-attachment":"scroll","background-type":"","background-media":"","overlay-type":"","overlay-color":"","overlay-opacity":"","overlay-gradient":""},"tablet":{"background-color":"var(--ast-global-color-4)","background-image":"","background-repeat":"repeat","background-position":"center center","background-size":"auto","background-attachment":"scroll","background-type":"","background-media":"","overlay-type":"","overlay-color":"","overlay-opacity":"","overlay-gradient":""},"mobile":{"background-color":"var(--ast-global-color-4)","background-image":"","background-repeat":"repeat","background-position":"center center","background-size":"auto","background-attachment":"scroll","background-type":"","background-media":"","overlay-type":"","overlay-color":"","overlay-opacity":"","overlay-gradient":""}},"footnotes":""},"class_list":["post-44","page","type-page","status-publish","hentry"],"yoast_head":"<!-- This site is optimized with the Yoast SEO plugin v27.5 - https:\/\/yoast.com\/product\/yoast-seo-wordpress\/ -->\n<title>Contactez-moi \u2013 Blog voyage, itin\u00e9raires et conseils pratiques<\/title>\n<meta name=\"description\" content=\"Une question ou une suggestion ? \u00c9crivez-moi et obtenez des conseils pour pr\u00e9parer vos voyages sereinement.\" \/>\n<meta name=\"robots\" content=\"index, follow, max-snippet:-1, max-image-preview:large, max-video-preview:-1\" \/>\n<link rel=\"canonical\" href=\"https:\/\/voyagenpoche.com\/?page_id=44\" \/>\n<meta property=\"og:locale\" content=\"fr_FR\" \/>\n<meta property=\"og:type\" content=\"article\" \/>\n<meta property=\"og:title\" content=\"Contactez-moi \u2013 Blog voyage, itin\u00e9raires et conseils pratiques\" \/>\n<meta property=\"og:description\" content=\"Une question ou une suggestion ? \u00c9crivez-moi et obtenez des conseils pour pr\u00e9parer vos voyages sereinement.\" \/>\n<meta property=\"og:url\" content=\"https:\/\/voyagenpoche.com\/?page_id=44\" \/>\n<meta property=\"og:site_name\" content=\"Voyagenpoche\" \/>\n<meta property=\"article:modified_time\" content=\"2026-03-14T14:22:41+00:00\" \/>\n<meta property=\"og:image\" content=\"https:\/\/lh3.googleusercontent.com\/pw\/AP1GczM08TQVoISYvgcgeDZwBzoEnjvGpWVzoARBWSRBU-DnlLwupi4cvxFh2OVPwRmikSlWn3Abm0GdJeazVBH2BseEkxQaOFv5zqCpFx6BKJQ6XRlGrvo3FIjabqJxtTcVtV_aa6gBB-MvZK-4QXZZAoK5=w686-h914-s-no-gm?authuser=2\" \/><meta property=\"og:image\" content=\"https:\/\/lh3.googleusercontent.com\/pw\/AP1GczM08TQVoISYvgcgeDZwBzoEnjvGpWVzoARBWSRBU-DnlLwupi4cvxFh2OVPwRmikSlWn3Abm0GdJeazVBH2BseEkxQaOFv5zqCpFx6BKJQ6XRlGrvo3FIjabqJxtTcVtV_aa6gBB-MvZK-4QXZZAoK5=w686-h914-s-no-gm?authuser=2\" \/>\n\t<meta property=\"og:image:width\" content=\"1024\" \/>\n\t<meta property=\"og:image:height\" content=\"405\" \/>\n\t<meta property=\"og:image:type\" content=\"image\/png\" \/>\n<meta name=\"twitter:card\" content=\"summary_large_image\" \/>\n<meta name=\"twitter:image\" content=\"https:\/\/lh3.googleusercontent.com\/pw\/AP1GczM08TQVoISYvgcgeDZwBzoEnjvGpWVzoARBWSRBU-DnlLwupi4cvxFh2OVPwRmikSlWn3Abm0GdJeazVBH2BseEkxQaOFv5zqCpFx6BKJQ6XRlGrvo3FIjabqJxtTcVtV_aa6gBB-MvZK-4QXZZAoK5=w686-h914-s-no-gm?authuser=2\" \/>\n<meta name=\"twitter:label1\" content=\"Dur\u00e9e de lecture estim\u00e9e\" \/>\n\t<meta name=\"twitter:data1\" content=\"2 minutes\" \/>\n<script type=\"application\/ld+json\" class=\"yoast-schema-graph\">{\"@context\":\"https:\\\/\\\/schema.org\",\"@graph\":[{\"@type\":\"WebPage\",\"@id\":\"https:\\\/\\\/voyagenpoche.com\\\/?page_id=44\",\"url\":\"https:\\\/\\\/voyagenpoche.com\\\/?page_id=44\",\"name\":\"Contactez-moi \u2013 Blog voyage, itin\u00e9raires et conseils pratiques\",\"isPartOf\":{\"@id\":\"https:\\\/\\\/voyagenpoche.com\\\/#website\"},\"primaryImageOfPage\":{\"@id\":\"https:\\\/\\\/voyagenpoche.com\\\/?page_id=44#primaryimage\"},\"image\":{\"@id\":\"https:\\\/\\\/voyagenpoche.com\\\/?page_id=44#primaryimage\"},\"thumbnailUrl\":\"https:\\\/\\\/voyagenpoche.com\\\/wp-content\\\/uploads\\\/2026\\\/02\\\/page-contact.png\",\"datePublished\":\"2026-02-06T18:07:35+00:00\",\"dateModified\":\"2026-03-14T14:22:41+00:00\",\"description\":\"Une question ou une suggestion ? \u00c9crivez-moi et obtenez des conseils pour pr\u00e9parer vos voyages sereinement.\",\"breadcrumb\":{\"@id\":\"https:\\\/\\\/voyagenpoche.com\\\/?page_id=44#breadcrumb\"},\"inLanguage\":\"fr-FR\",\"potentialAction\":[{\"@type\":\"ReadAction\",\"target\":[\"https:\\\/\\\/voyagenpoche.com\\\/?page_id=44\"]}]},{\"@type\":\"ImageObject\",\"inLanguage\":\"fr-FR\",\"@id\":\"https:\\\/\\\/voyagenpoche.com\\\/?page_id=44#primaryimage\",\"url\":\"https:\\\/\\\/voyagenpoche.com\\\/wp-content\\\/uploads\\\/2026\\\/02\\\/page-contact.png\",\"contentUrl\":\"https:\\\/\\\/voyagenpoche.com\\\/wp-content\\\/uploads\\\/2026\\\/02\\\/page-contact.png\",\"width\":1920,\"height\":760},{\"@type\":\"BreadcrumbList\",\"@id\":\"https:\\\/\\\/voyagenpoche.com\\\/?page_id=44#breadcrumb\",\"itemListElement\":[{\"@type\":\"ListItem\",\"position\":1,\"name\":\"Accueil\",\"item\":\"https:\\\/\\\/voyagenpoche.com\\\/\"},{\"@type\":\"ListItem\",\"position\":2,\"name\":\"Contact\"}]},{\"@type\":\"WebSite\",\"@id\":\"https:\\\/\\\/voyagenpoche.com\\\/#website\",\"url\":\"https:\\\/\\\/voyagenpoche.com\\\/\",\"name\":\"Voyagenpoche\",\"description\":\"\",\"publisher\":{\"@id\":\"https:\\\/\\\/voyagenpoche.com\\\/#organization\"},\"potentialAction\":[{\"@type\":\"SearchAction\",\"target\":{\"@type\":\"EntryPoint\",\"urlTemplate\":\"https:\\\/\\\/voyagenpoche.com\\\/?s={search_term_string}\"},\"query-input\":{\"@type\":\"PropertyValueSpecification\",\"valueRequired\":true,\"valueName\":\"search_term_string\"}}],\"inLanguage\":\"fr-FR\"},{\"@type\":\"Organization\",\"@id\":\"https:\\\/\\\/voyagenpoche.com\\\/#organization\",\"name\":\"Voyagenpoche\",\"url\":\"https:\\\/\\\/voyagenpoche.com\\\/\",\"logo\":{\"@type\":\"ImageObject\",\"inLanguage\":\"fr-FR\",\"@id\":\"https:\\\/\\\/voyagenpoche.com\\\/#\\\/schema\\\/logo\\\/image\\\/\",\"url\":\"https:\\\/\\\/voyagenpoche.com\\\/wp-content\\\/uploads\\\/2026\\\/02\\\/cropped-voyagenpoche.png\",\"contentUrl\":\"https:\\\/\\\/voyagenpoche.com\\\/wp-content\\\/uploads\\\/2026\\\/02\\\/cropped-voyagenpoche.png\",\"width\":512,\"height\":512,\"caption\":\"Voyagenpoche\"},\"image\":{\"@id\":\"https:\\\/\\\/voyagenpoche.com\\\/#\\\/schema\\\/logo\\\/image\\\/\"}}]}<\/script>\n<!-- \/ Yoast SEO plugin. -->","yoast_head_json":{"title":"Contactez-moi \u2013 Blog voyage, itin\u00e9raires et conseils pratiques","description":"Une question ou une suggestion ? \u00c9crivez-moi et obtenez des conseils pour pr\u00e9parer vos voyages sereinement.","robots":{"index":"index","follow":"follow","max-snippet":"max-snippet:-1","max-image-preview":"max-image-preview:large","max-video-preview":"max-video-preview:-1"},"canonical":"https:\/\/voyagenpoche.com\/?page_id=44","og_locale":"fr_FR","og_type":"article","og_title":"Contactez-moi \u2013 Blog voyage, itin\u00e9raires et conseils pratiques","og_description":"Une question ou une suggestion ? \u00c9crivez-moi et obtenez des conseils pour pr\u00e9parer vos voyages sereinement.","og_url":"https:\/\/voyagenpoche.com\/?page_id=44","og_site_name":"Voyagenpoche","article_modified_time":"2026-03-14T14:22:41+00:00","og_image":[{"url":"https:\/\/lh3.googleusercontent.com\/pw\/AP1GczM08TQVoISYvgcgeDZwBzoEnjvGpWVzoARBWSRBU-DnlLwupi4cvxFh2OVPwRmikSlWn3Abm0GdJeazVBH2BseEkxQaOFv5zqCpFx6BKJQ6XRlGrvo3FIjabqJxtTcVtV_aa6gBB-MvZK-4QXZZAoK5=w686-h914-s-no-gm?authuser=2","type":"","width":"","height":""},{"width":1024,"height":405,"url":"https:\/\/lh3.googleusercontent.com\/pw\/AP1GczM08TQVoISYvgcgeDZwBzoEnjvGpWVzoARBWSRBU-DnlLwupi4cvxFh2OVPwRmikSlWn3Abm0GdJeazVBH2BseEkxQaOFv5zqCpFx6BKJQ6XRlGrvo3FIjabqJxtTcVtV_aa6gBB-MvZK-4QXZZAoK5=w686-h914-s-no-gm?authuser=2","type":"image\/png"}],"twitter_card":"summary_large_image","twitter_image":"https:\/\/lh3.googleusercontent.com\/pw\/AP1GczM08TQVoISYvgcgeDZwBzoEnjvGpWVzoARBWSRBU-DnlLwupi4cvxFh2OVPwRmikSlWn3Abm0GdJeazVBH2BseEkxQaOFv5zqCpFx6BKJQ6XRlGrvo3FIjabqJxtTcVtV_aa6gBB-MvZK-4QXZZAoK5=w686-h914-s-no-gm?authuser=2","twitter_misc":{"Dur\u00e9e de lecture estim\u00e9e":"2 minutes"},"schema":{"@context":"https:\/\/schema.org","@graph":[{"@type":"WebPage","@id":"https:\/\/voyagenpoche.com\/?page_id=44","url":"https:\/\/voyagenpoche.com\/?page_id=44","name":"Contactez-moi \u2013 Blog voyage, itin\u00e9raires et conseils pratiques","isPartOf":{"@id":"https:\/\/voyagenpoche.com\/#website"},"primaryImageOfPage":{"@id":"https:\/\/voyagenpoche.com\/?page_id=44#primaryimage"},"image":{"@id":"https:\/\/voyagenpoche.com\/?page_id=44#primaryimage"},"thumbnailUrl":"https:\/\/voyagenpoche.com\/wp-content\/uploads\/2026\/02\/page-contact.png","datePublished":"2026-02-06T18:07:35+00:00","dateModified":"2026-03-14T14:22:41+00:00","description":"Une question ou une suggestion ? \u00c9crivez-moi et obtenez des conseils pour pr\u00e9parer vos voyages sereinement.","breadcrumb":{"@id":"https:\/\/voyagenpoche.com\/?page_id=44#breadcrumb"},"inLanguage":"fr-FR","potentialAction":[{"@type":"ReadAction","target":["https:\/\/voyagenpoche.com\/?page_id=44"]}]},{"@type":"ImageObject","inLanguage":"fr-FR","@id":"https:\/\/voyagenpoche.com\/?page_id=44#primaryimage","url":"https:\/\/voyagenpoche.com\/wp-content\/uploads\/2026\/02\/page-contact.png","contentUrl":"https:\/\/voyagenpoche.com\/wp-content\/uploads\/2026\/02\/page-contact.png","width":1920,"height":760},{"@type":"BreadcrumbList","@id":"https:\/\/voyagenpoche.com\/?page_id=44#breadcrumb","itemListElement":[{"@type":"ListItem","position":1,"name":"Accueil","item":"https:\/\/voyagenpoche.com\/"},{"@type":"ListItem","position":2,"name":"Contact"}]},{"@type":"WebSite","@id":"https:\/\/voyagenpoche.com\/#website","url":"https:\/\/voyagenpoche.com\/","name":"Voyagenpoche","description":"","publisher":{"@id":"https:\/\/voyagenpoche.com\/#organization"},"potentialAction":[{"@type":"SearchAction","target":{"@type":"EntryPoint","urlTemplate":"https:\/\/voyagenpoche.com\/?s={search_term_string}"},"query-input":{"@type":"PropertyValueSpecification","valueRequired":true,"valueName":"search_term_string"}}],"inLanguage":"fr-FR"},{"@type":"Organization","@id":"https:\/\/voyagenpoche.com\/#organization","name":"Voyagenpoche","url":"https:\/\/voyagenpoche.com\/","logo":{"@type":"ImageObject","inLanguage":"fr-FR","@id":"https:\/\/voyagenpoche.com\/#\/schema\/logo\/image\/","url":"https:\/\/voyagenpoche.com\/wp-content\/uploads\/2026\/02\/cropped-voyagenpoche.png","contentUrl":"https:\/\/voyagenpoche.com\/wp-content\/uploads\/2026\/02\/cropped-voyagenpoche.png","width":512,"height":512,"caption":"Voyagenpoche"},"image":{"@id":"https:\/\/voyagenpoche.com\/#\/schema\/logo\/image\/"}}]}},"jetpack_sharing_enabled":true,"_links":{"self":[{"href":"https:\/\/voyagenpoche.com\/index.php?rest_route=\/wp\/v2\/pages\/44","targetHints":{"allow":["GET"]}}],"collection":[{"href":"https:\/\/voyagenpoche.com\/index.php?rest_route=\/wp\/v2\/pages"}],"about":[{"href":"https:\/\/voyagenpoche.com\/index.php?rest_route=\/wp\/v2\/types\/page"}],"author":[{"embeddable":true,"href":"https:\/\/voyagenpoche.com\/index.php?rest_route=\/wp\/v2\/users\/1"}],"replies":[{"embeddable":true,"href":"https:\/\/voyagenpoche.com\/index.php?rest_route=%2Fwp%2Fv2%2Fcomments&post=44"}],"version-history":[{"count":21,"href":"https:\/\/voyagenpoche.com\/index.php?rest_route=\/wp\/v2\/pages\/44\/revisions"}],"predecessor-version":[{"id":691,"href":"https:\/\/voyagenpoche.com\/index.php?rest_route=\/wp\/v2\/pages\/44\/revisions\/691"}],"wp:attachment":[{"href":"https:\/\/voyagenpoche.com\/index.php?rest_route=%2Fwp%2Fv2%2Fmedia&parent=44"}],"curies":[{"name":"wp","href":"https:\/\/api.w.org\/{rel}","templated":true}]}}